ppose -8*j + 4*j + 5*k = -480, 95 = j + 5*k. Suppose -3 = -x + 3. Let z = x - -17. What is the highest common divisor of z and j?
23
Let p be 2/(-6)*(-1275)/17. Let h be (30/(-2))/(6/(-80)). What is the highest common divisor of h and p?
25
Let g be -8 + (-3334)/(-4) - 3/6. What is the highest common divisor of 55 and g?
55
Suppose 10*s + 18 = 11*s. Let u = 616 + -171. Suppose 0 = -o - 5*p + 198, 0 = -2*o + p + u - 49. Calculate the highest common factor of o and s.
18
Let c = -2038 + 3550. What is the highest common divisor of 8 and c?
8
Suppose -3 + 571 = j. What is the highest common factor of j and 71?
71
Suppose -50 = -2*y - 4*k, 5*y + 31 = k + 134. Calculate the highest common factor of y and 1239.
21
Let t be 430/4 - 6/(-12). Let q(w) = -w**3 + 33*w**2 - 60*w - 50. Let o be q(31). Calculate the highest common divisor of o and t.
12
Let f = 197 - 152. What is the highest common factor of 60 and f?
15
Suppose 0 = 3*j - 6*j - 63. Let n = j - -16. Let w be ((-2)/n)/(9/315). Calculate the greatest common factor of 14 and w.
14
Let k = 228 + -223. Calculate the greatest common factor of k and 45.
5
Suppose -2*q = 4*a + q - 12, 4 = 2*a + q. Suppose 5*p - 29 = -0*h + h, -p - 2*h - 3 = a. Calculate the greatest common divisor of p and 10.
5
Let r(v) = -12*v - 5. Let f be r(-5). Suppose -2*m + 7*m = f. Calculate the greatest common divisor of m and 77.
11
Let y = 84 + -58. Suppose 9*j - 5*j + 5*g - 77 = 0, -25 = -5*g. What is the greatest common factor of j and y?
13
Suppose -5*o + 74 = 3*m, 0 = -3*o + 2*m - 0*m + 33. Suppose 2*x - 3 = 3*r - 20, -3*r - 2*x = -o. What is the greatest common factor of 15 and r?
5
Suppose -6 = -p - 2*p, 5*w - 190 = 5*p. What is the highest common divisor of 8 and w?
8
Let u = 328 - -29. Calculate the greatest common divisor of 7 and u.
7
Let h(f) = -26*f - 563. Let c be h(-23). What is the highest common factor of 105 and c?
35
Suppose -3 = -c + 2. Suppose -2*z = 3*z. Suppose c*a - 100 = -z*a. What is the highest common factor of 30 and a?
10
Let x be 2/(-7) + (-51)/(-7). Let t = 34 - 30. Suppose -x*l + 60 = -t*l. Calculate the greatest common divisor of 50 and l.
10
Let n = -37 - -149. Calculate the highest common divisor of 80 and n.
16
Let h be -2 + 18/(-42)*-21. Suppose 2*l - 12 = 2. What is the highest common factor of h and l?
7
Let z be 3/7 + 9/(-21). Suppose z = 2*w + 2*p - 5*p - 54, -5*w + 4*p = -128. What is the highest common factor of 16 and w?
8
Suppose 0 = 4*k - 24 - 36. Suppose 5*x = -0*x + k. What is the greatest common factor of 1 and x?
1
Suppose 3*b + b = 12. Suppose 9*p + 418 = 715. Calculate the greatest common factor of p and b.
3
Suppose -2*o + 4 = 0, -5*b + 47*o = 42*o - 45. What is the greatest common divisor of 88 and b?
11
Let j be 232/20*(5 - 0). Let b = -35 + j. What is the highest common divisor of 23 and b?
23
Suppose -7*n + 675 = 213. Calculate the highest common factor of 2706 and n.
66
Suppose 3*r + 24 = -0*r. Let t be ((-6)/r)/(3/264). Let x = 62 - 40. Calculate the highest common divisor of x and t.
22
Suppose 639*a = 630*a + 423. Calculate the highest common factor of 94 and a.
47
Suppose -c + 2*h + 856 = 0, -3*h = 4*c - 4201 + 733. Calculate the greatest common divisor of c and 54.
54
Let i(o) = -2*o**3 - 8*o**2 - 12*o - 42. Let c be i(-4). Suppose 5*z = -131 + 641. Calculate the highest common divisor of z and c.
6
Suppose 0 = -2*i + 4*t + 98, -3*i = -4*t - 181 + 36. Let u = i - 38. Calculate the greatest common factor of u and 3.
3
Let r = -147 - -268. Suppose -18*v + 484 = -14*v + 40*v. What is the highest common divisor of v and r?
11
Suppose -10*d + 1389 = -3261. Calculate the greatest common divisor of 45 and d.
15
Let v(q) = 4*q**2 + 6*q - 6. Let k(t) = 9*t**2 + 13*t - 13. Let u(c) = 6*k(c) - 13*v(c). Let r be u(1). What is the greatest common factor of 18 and r?
2
Suppose 2961 = 23*o + 937. Calculate the highest common divisor of 11 and o.
11
Let v be -2 + -2 - -1*(-5 + -3). Let z = 24 + v. Calculate the highest common factor of 60 and z.
12
Suppose 5*f - 2*t = 7 + 85, -2*t - 52 = -3*f. Let y be 58/12 - 5/(-30). Calculate the greatest common factor of f and y.
5
Let b be 471 - (1 + (-15)/5). What is the greatest common divisor of b and 43?
43
Suppose -2*l = 2*n - 284, -2*n + 89 = -5*l - 160. Calculate the highest common divisor of 3699 and n.
137
Suppose 30 = 11*b - 25. Suppose 8*k - 23 = 97. What is the greatest common divisor of b and k?
5
Suppose 5*w + 2*l - 20 = 7*l, 5*l = 0. Suppose -3*q = -2*i - 7*q + 20, 45 = i - 5*q. Calculate the highest common factor of i and w.
4
Let p(b) = -b**2 - 14*b + 141. Let i be p(-20). Let m be (-1 - (-5 + 2)) + 1. What is the greatest common factor of m and i?
3
Let u(i) = 5*i + 2. Let m be u(5). Suppose -677 = -5*l + d, 10*l = 6*l + 3*d + 546. Calculate the greatest common divisor of l and m.
27
Let s(l) = -72*l - 1. Let p = 69 - 71. Let n be s(p). What is the highest common factor of n and 13?
13
Suppose v - 10 = -2. What is the greatest common factor of 52 and v?
4
Suppose -y + 1 = -3. Suppose 0 = -y*o + 12, -k = -3*k + 3*o + 45. Suppose 0 = 5*r + 16 - 1, 5*r + 51 = 2*n. Calculate the highest common divisor of n and k.
9
Let l(k) = 0*k**2 + 0*k - 2*k + 14*k**3 + 2*k**2. Let p be l(1). What is the greatest common factor of 35 and p?
7
Suppose -24*f + 10*f + 28 = 0. Suppose 5 = -2*q - 1. Let h be 20/6 + (-2)/q. Calculate the greatest common factor of h and f.
2
Suppose -4*f = -0*f - 860. Let b(i) = -i**2 + 22*i - 31. Let o be b(9). What is the highest common divisor of o and f?
43
Let b(h) = 3*h**2 - 22*h + 53. Let v be b(12). What is the highest common divisor of 26 and v?
13
Let w(r) = -28*r**3 + 3*r**2 - 9*r - 10. Let u be w(-1). Calculate the greatest common factor of u and 60.
30
Let c be (12/4 - -92) + -5. What is the greatest common factor of c and 315?
45
Let v = -18 + 33. Let z(l) = l**3 - 9*l**2 + 10*l - 7. Let b be z(7). Let n = b + 155. Calculate the greatest common divisor of n and v.
15
Let g be ((399/(-6))/(-7))/((-2)/(-60)). Calculate the highest common factor of g and 513.
57
Let c be 30 + (-16)/(-4) + -7. What is the greatest common factor of c and 216?
27
Suppose 38 = p - 1. Suppose 3*q = 2*q. Suppose q = -3*d - 0*d + 78. What is the greatest common divisor of d and p?
13
Suppose 67 = 4*d - h, 0 = 2*d + 4*h - 27 + 7. Let b = -27 + 19. Let k = d + b. What is the greatest common divisor of k and 8?
8
Let p = 399 - 387. What is the highest common factor of p and 156?
12
Suppose g = -5*q + 37, q - 3*q = -2*g - 22. Let t = q + -5. Suppose 0 = -t*p - r + 27, 2*p + 0*r - 7 = 3*r. Calculate the greatest common factor of 2 and p.
2
Suppose 0 = -3*b - b - y + 53, -2*b - 5*y = -49. Suppose -b*i + 7*i + 45 = 0. What is the greatest common divisor of i and 63?
9
Let f be ((-102)/(-8))/((-4)/16). Let l be (-4)/(-34) + (-3666)/f. Calculate the highest common factor of 9 and l.
9
Let o(m) = 9*m**2 - m - 2. Let t be o(-3). Let s = -52 + t. Suppose -4*v + 59 = 3*n - 1, 5*v = 5*n + 40. What is the greatest common divisor of s and v?
6
Let x = -22 + 97. What is the highest common divisor of 285 and x?
15
Let n(c) = 6*c**3 - 2*c**2 + c - 2. Let p be n(2). Let t be 1/(-2) + (-358)/4. Let u = p - t. Calculate the highest common factor of u and 13.
13
Suppose n - 3*x + 6*x = 91, -162 = -2*n + 4*x. What is the highest common factor of 15 and n?
5
Suppose 46 = 6*w - 50. What is the highest common factor of 328 and w?
8
Let g be 31/((-4 + 1)/(-27)). Calculate the highest common factor of 31 and g.
31
Let o be 57 - -12 - 1*(-4 + -2). Calculate the greatest common factor of 200 and o.
25
Let v(a) = 3*a**2 + 11*a + 9. Let k be v(-11). Let n be -4 + 4 + (k - -1). Let h = 61 + -33. Calculate the greatest common divisor of h and n.
28
Let z be 2/((1 + -3)*13/91). Let k(b) = -b**2 - 15*b - 5. Let w be k(z). What is the highest common factor of w and 17?
17
Let i = 26 + -29. Let b be i/2*(-12 + 2). Suppose -y = -4, 6*d - 5*y = d + b. What is the highest common factor of d and 77?
7
Let p = 192 - 147. Let o be (-1 - 0)/((-3)/15). Calculate the greatest common factor of p and o.
5
Let a(p) = 4*p**2 + 2*p + 1. Let c be a(-1). Let n = 97 - 83. Suppose 0 = -n*y + 19*y - 5. Calculate the greatest common factor of y and c.
1
Let j be (1 - -2)*(-40)/(-